{"id":1667,"date":"2022-09-09T11:53:14","date_gmt":"2022-09-09T11:53:14","guid":{"rendered":"https:\/\/2022.uroboros.design\/?post_type=person&#038;p=1667"},"modified":"2022-10-01T20:53:16","modified_gmt":"2022-10-01T20:53:16","slug":"skubanek","status":"publish","type":"person","link":"https:\/\/2022.uroboros.design\/cs\/person\/skubanek\/","title":{"rendered":"\u0160kub\u00e1nek"},"content":{"rendered":"\n<p>\u0160kub\u00e1nek je zku\u0161en\u00fd lesn\u00ed chodec, kter\u00fd \u017eije a \u0165ape ve st\u0159edn\u00edch \u010cech\u00e1ch, v chr\u00e1n\u011bn\u00e9 krajinn\u00e9 oblasti K\u0159ivokl\u00e1tsko. Od roku 2021 je Chewie kmenov\u00fdm \u010dlenem <a rel=\"noreferrer noopener\" href=\"https:\/\/creatures-eu.org\/productions\/open-forest\/\" target=\"_blank\">Open Forest Collective<\/a> &#8211; multidisciplin\u00e1rn\u00ed skupiny v\u00fdzkumn\u00edk\u016f r\u016fzn\u00e9ho kulturn\u00edho, profesn\u00edho a biologick\u00e9ho p\u016fvodu. V kolektivu \u0160kub\u00e1nek vede s\u00e9rii v\u00fdzkumn\u00fdch proch\u00e1zek zam\u011b\u0159en\u00fdch na ak\u010dn\u00ed zkoum\u00e1n\u00ed les\u016f jako m\u00edst pro experiment\u00e1ln\u00ed, mnoho-druhov\u00e1 setk\u00e1v\u00e1n\u00ed. Jeho hlavn\u00edm z\u00e1jmem jsou veverky.<\/p>\n","protected":false},"featured_media":1436,"template":"","_links":{"self":[{"href":"https:\/\/2022.uroboros.design\/cs\/wp-json\/wp\/v2\/person\/1667"}],"collection":[{"href":"https:\/\/2022.uroboros.design\/cs\/wp-json\/wp\/v2\/person"}],"about":[{"href":"https:\/\/2022.uroboros.design\/cs\/wp-json\/wp\/v2\/types\/person"}],"wp:featuredmedia":[{"embeddable":true,"href":"https:\/\/2022.uroboros.design\/cs\/wp-json\/wp\/v2\/media\/1436"}],"wp:attachment":[{"href":"https:\/\/2022.uroboros.design\/cs\/wp-json\/wp\/v2\/media?parent=1667"}],"curies":[{"name":"wp","href":"https:\/\/api.w.org\/{rel}","templated":true}]}}

Škubánek

<p>Škubánek je zkušený lesní chodec, který žije a ťape ve středních Čechách, v chráněné krajinné oblasti Křivoklátsko. Od roku 2021 je Chewie kmenovým členem <a rel="noreferrer noopener" href="https://creatures-eu.org/productions/open-forest/" target="_blank">Open Forest Collective</a> &#8211; multidisciplinární skupiny výzkumníků různého kulturního, profesního a biologického původu. V kolektivu Škubánek vede sérii výzkumných procházek zaměřených na akční zkoumání lesů jako míst pro experimentální, mnoho-druhová setkávání. Jeho hlavním zájmem jsou veverky.</p>
